{"id":1026,"date":"2025-04-16T11:36:35","date_gmt":"2025-04-16T09:36:35","guid":{"rendered":"https:\/\/capponline.net\/w\/?page_id=1026"},"modified":"2025-12-12T11:08:08","modified_gmt":"2025-12-12T10:08:08","slug":"news","status":"publish","type":"page","link":"https:\/\/capponline.net\/w\/news\/","title":{"rendered":"News"},"content":{"rendered":"<ul style=\"padding-top:var(--wp--preset--spacing--10);padding-bottom:var(--wp--preset--spacing--10);margin-top:var(--wp--preset--spacing--10);margin-bottom:var(--wp--preset--spacing--10);\" class=\"wp-block-latest-posts__list wp-block-latest-posts\"><li><div class=\"wp-block-latest-posts__featured-image\"><img loading=\"lazy\" decoding=\"async\" width=\"300\" height=\"300\" src=\"https:\/\/capponline.net\/w\/wp-content\/uploads\/2025\/12\/590240070_821773053822086_8723641541934715550_n-300x300.jpg\" class=\"attachment-medium size-medium wp-post-image\" alt=\"\" style=\"\" srcset=\"https:\/\/capponline.net\/w\/wp-content\/uploads\/2025\/12\/590240070_821773053822086_8723641541934715550_n-300x300.jpg 300w, https:\/\/capponline.net\/w\/wp-content\/uploads\/2025\/12\/590240070_821773053822086_8723641541934715550_n-150x150.jpg 150w, https:\/\/capponline.net\/w\/wp-content\/uploads\/2025\/12\/590240070_821773053822086_8723641541934715550_n.jpg 526w\" sizes=\"auto, (max-width: 300px) 100vw, 300px\" \/><\/div><a class=\"wp-block-latest-posts__post-title\" href=\"https:\/\/capponline.net\/w\/giornata-internazionale-delle-persone-con-disabilita\/\">Giornata internazionale delle persone con disabilit\u00e0<\/a><div class=\"wp-block-latest-posts__post-full-content\"><!-- wp:paragraph -->\n<p><\/p>\n<!-- \/wp:paragraph -->\n\n<!-- wp:paragraph -->\n<p>PALERMO &#8211; In occasione\u00a0 della Giornata Internazionale delle Persone con Disabilit\u00e0, la CAPP Cooperativa Sociale rinnova il suo impegno per un turismo realmente accessibile e inclusivo, presentando una brochure dedicata alla valorizzazione dei siti culturali e naturalistici fruibili da tutte e da tutti.<\/p>\n<!-- \/wp:paragraph -->\n\n<!-- wp:paragraph -->\n<p><strong>Cos\u2019\u00e8 il Turismo Accessibile?<\/strong><\/p>\n<!-- \/wp:paragraph -->\n\n<!-- wp:paragraph -->\n<p>\u00c8 la capacit\u00e0 di un territorio di accogliere ogni persona, riconoscendo i bisogni specifici dei viaggiatori e garantendo condizioni di fruibilit\u00e0 senza ostacoli. Significa vivere il viaggio con serenit\u00e0 grazie a informazioni trasparenti, accessibilit\u00e0 digitale, servizi affidabili, personale preparato e un design for all che tutela la dignit\u00e0 delle persone, a prescindere dalle condizioni fisiche, sociali ed economiche.<\/p>\n<!-- \/wp:paragraph -->\n\n<!-- wp:paragraph -->\n<p>Il turismo accessibile valorizza i diritti, promuove una cultura dell\u2019inclusione e genera sviluppo sostenibile, trasformando ogni destinazione in un luogo dove il viaggio \u00e8 possibile, dignitoso e piacevole per tutti.<\/p>\n<!-- \/wp:paragraph -->\n\n<!-- wp:paragraph -->\n<p><\/p>\n<!-- \/wp:paragraph -->\n\n<!-- wp:group {\"layout\":{\"type\":\"constrained\",\"contentSize\":\"60%\"}} -->\n<div class=\"wp-block-group\"><!-- wp:html -->\n<figure class=\"wp-block-video alignright\"><video controls src=\"http:\/\/capponline.net\/w\/wp-content\/uploads\/2025\/12\/251203-turismo_accessibile.mp4\"><\/video><\/figure>\n<!-- \/wp:html --><\/div>\n<!-- \/wp:group -->\n\n<!-- wp:columns -->\n<div class=\"wp-block-columns\"><!-- wp:column {\"width\":\"100%\"} -->\n<div class=\"wp-block-column\" style=\"flex-basis:100%\"><\/div>\n<!-- \/wp:column --><\/div>\n<!-- \/wp:columns -->\n\n<!-- wp:paragraph -->\n<p>La CAPP, gi\u00e0 nel 2004, ha contribuito \u2013 insieme ad enti, istituzioni e associazioni \u2013 alla redazione del Manifesto di Agrigento, documento oggi pienamente coerente con i principi del Summit Mondiale del Turismo Accessibile (Torino, 2025). Dal 2003, attraverso i progetti di Servizio Civile Universale, la cooperativa realizza mappature e percorsi accessibili sui territori di Palermo e Agrigento, coinvolgendo attivamente gli operatori volontari.<\/p>\n<!-- \/wp:paragraph -->\n\n<!-- wp:paragraph -->\n<p>Questa brochure \u00e8 frutto del lavoro degli operatori volontari del Servizio Civile Universale, realizzata con la supervisione del referente del Turismo Accessibile e OLP della CAPP Cooperativa Sociale, Valentina Franzone, in seguito alle attivit\u00e0 progettuali che hanno previsto la mappatura di una selezione di\u00a0 siti turistici della citt\u00e0 di Palermo. La brochure contiene inoltre utili indicazioni e riferimenti a siti web di associazioni, enti e istituzioni che si occupano di turismo accessibile.<\/p>\n<!-- \/wp:paragraph -->\n\n<!-- wp:group {\"style\":{\"spacing\":{\"blockGap\":\"var:preset|spacing|20\",\"padding\":{\"right\":\"0\",\"left\":\"0\"}}},\"layout\":{\"type\":\"constrained\"}} -->\n<div class=\"wp-block-group\" style=\"padding-right:0;padding-left:0\"><!-- wp:paragraph -->\n<p><br>Operatori volontari del Servizio Civile Universale che hanno contribuito alla realizzazione:<br><br><em>Martina Alaimo<br>Aurora Bonanno<br>Serena Bonanno<br>Roberta Karol Conti<br>Alice Farinella<br>Viviana La Venuta<br>Marta Meli<br>Giovanni Meschisi<br>Nausicaa Mineo<br>Vanessa Mogavero<br>Samuele Mutolo<br>Vincenza Rita Scannaliato<br>Piermarco Scivoletto<br>Roberta Span\u00f2<br>Riccardo Tarantino<br>Alessandro Trapani<\/em><\/p>\n<!-- \/wp:paragraph --><\/div>\n<!-- \/wp:group -->\n\n<!-- wp:paragraph -->\n<p><\/p>\n<!-- \/wp:paragraph -->\n\n<!-- wp:image {\"lightbox\":{\"enabled\":false},\"id\":1169,\"width\":\"237px\",\"height\":\"auto\",\"aspectRatio\":\"0.7002378525314306\",\"sizeSlug\":\"large\",\"linkDestination\":\"custom\"} -->\n<figure class=\"wp-block-image size-large is-resized\"><a href=\"https:\/\/capponline.net\/w\/wp-content\/uploads\/2025\/12\/251203-Turismo-Accessibile.pdf\" target=\"_blank\" rel=\" noreferrer noopener\"><img loading=\"lazy\" decoding=\"async\" width=\"717\" height=\"1024\" src=\"https:\/\/capponline.net\/w\/wp-content\/uploads\/2025\/12\/WhatsApp-Image-2025-12-11-at-10.51.00-717x1024.jpeg\" alt=\"\" class=\"wp-image-1169\" style=\"aspect-ratio:0.7002378525314306;width:237px;height:auto\" srcset=\"https:\/\/capponline.net\/w\/wp-content\/uploads\/2025\/12\/WhatsApp-Image-2025-12-11-at-10.51.00-717x1024.jpeg 717w, https:\/\/capponline.net\/w\/wp-content\/uploads\/2025\/12\/WhatsApp-Image-2025-12-11-at-10.51.00-210x300.jpeg 210w, https:\/\/capponline.net\/w\/wp-content\/uploads\/2025\/12\/WhatsApp-Image-2025-12-11-at-10.51.00.jpeg 756w\" sizes=\"auto, (max-width: 717px) 100vw, 717px\" \/><\/a><\/figure>\n<!-- \/wp:image -->\n\n<!-- wp:paragraph -->\n<p><a href=\"https:\/\/capponline.net\/w\/wp-content\/uploads\/2025\/12\/251203-Turismo-Accessibile.pdf\" data-type=\"attachment\" data-id=\"1170\" target=\"_blank\" rel=\"noreferrer noopener\"><strong><em>\u00bb Brochure<\/em><\/strong><\/a><\/p>\n<!-- \/wp:paragraph -->\n\n<!-- wp:paragraph -->\n<p><a href=\"https:\/\/capponline.net\/w\/wp-content\/uploads\/2025\/12\/251203-turismo_accessibile.mp4\" data-type=\"attachment\" data-id=\"1171\" target=\"_blank\" rel=\"noreferrer noopener\"><strong><em>\u00bb Video<\/em><\/strong><\/a><\/p>\n<!-- \/wp:paragraph --><\/div><\/li>\n<\/ul>\n\n\n<hr class=\"wp-block-separator has-alpha-channel-opacity is-style-wide\" style=\"margin-top:var(--wp--preset--spacing--30);margin-bottom:var(--wp--preset--spacing--30)\"\/>\n\n\n<ul style=\"border-style:none;border-width:0px; padding-top:0;padding-bottom:0;margin-top:0;margin-bottom:0;\" class=\"wp-block-latest-posts__list is-grid columns-3 wp-block-latest-posts\"><li><div class=\"wp-block-latest-posts__featured-image\"><a href=\"https:\/\/capponline.net\/w\/giornata-internazionale-delle-persone-con-disabilita\/\" aria-label=\"Giornata internazionale delle persone con disabilit\u00e0\"><img loading=\"lazy\" decoding=\"async\" width=\"300\" height=\"300\" src=\"https:\/\/capponline.net\/w\/wp-content\/uploads\/2025\/12\/590240070_821773053822086_8723641541934715550_n-300x300.jpg\" class=\"attachment-medium size-medium wp-post-image\" alt=\"\" style=\"\" srcset=\"https:\/\/capponline.net\/w\/wp-content\/uploads\/2025\/12\/590240070_821773053822086_8723641541934715550_n-300x300.jpg 300w, https:\/\/capponline.net\/w\/wp-content\/uploads\/2025\/12\/590240070_821773053822086_8723641541934715550_n-150x150.jpg 150w, https:\/\/capponline.net\/w\/wp-content\/uploads\/2025\/12\/590240070_821773053822086_8723641541934715550_n.jpg 526w\" sizes=\"auto, (max-width: 300px) 100vw, 300px\" \/><\/a><\/div><a class=\"wp-block-latest-posts__post-title\" href=\"https:\/\/capponline.net\/w\/giornata-internazionale-delle-persone-con-disabilita\/\">Giornata internazionale delle persone con disabilit\u00e0<\/a><div class=\"wp-block-latest-posts__post-excerpt\">PALERMO &#8211; In occasione&nbsp; della Giornata Internazionale delle Persone con Disabilit\u00e0, la CAPP Cooperativa Sociale rinnova il suo impegno per un turismo realmente accessibile e inclusivo, presentando una brochure dedicata\u2026 <a class=\"wp-block-latest-posts__read-more\" href=\"https:\/\/capponline.net\/w\/giornata-internazionale-delle-persone-con-disabilita\/\" rel=\"noopener noreferrer\">Leggi tutto<span class=\"screen-reader-text\">: Giornata internazionale delle persone con disabilit\u00e0<\/span><\/a><\/div><\/li>\n<li><div class=\"wp-block-latest-posts__featured-image\"><a href=\"https:\/\/capponline.net\/w\/lattualita-di-salvatore-crispi-e-il-progetto-di-istituire-un-assessorato-alla-disabilita\/\" aria-label=\"L&#8217;attualit\u00e0 di Salvatore Crispi e il progetto di istituire un Assessorato alla disabilit\u00e0\"><img loading=\"lazy\" decoding=\"async\" width=\"300\" height=\"195\" src=\"https:\/\/capponline.net\/w\/wp-content\/uploads\/2025\/07\/crispi_1-300x195.jpg\" class=\"attachment-medium size-medium wp-post-image\" alt=\"\" style=\"\" srcset=\"https:\/\/capponline.net\/w\/wp-content\/uploads\/2025\/07\/crispi_1-300x195.jpg 300w, https:\/\/capponline.net\/w\/wp-content\/uploads\/2025\/07\/crispi_1-1024x666.jpg 1024w, https:\/\/capponline.net\/w\/wp-content\/uploads\/2025\/07\/crispi_1-768x500.jpg 768w, https:\/\/capponline.net\/w\/wp-content\/uploads\/2025\/07\/crispi_1.jpg 1128w\" sizes=\"auto, (max-width: 300px) 100vw, 300px\" \/><\/a><\/div><a class=\"wp-block-latest-posts__post-title\" href=\"https:\/\/capponline.net\/w\/lattualita-di-salvatore-crispi-e-il-progetto-di-istituire-un-assessorato-alla-disabilita\/\">L&#8217;attualit\u00e0 di Salvatore Crispi e il progetto di istituire un Assessorato alla disabilit\u00e0<\/a><div class=\"wp-block-latest-posts__post-excerpt\">La sua memoria viva nel libro di Salvatore Migliore PALERMO \u2013 Una memoria viva che vuole essere un modello propositivo e costruttivo per i diritti e la cura delle persone\u2026 <a class=\"wp-block-latest-posts__read-more\" href=\"https:\/\/capponline.net\/w\/lattualita-di-salvatore-crispi-e-il-progetto-di-istituire-un-assessorato-alla-disabilita\/\" rel=\"noopener noreferrer\">Leggi tutto<span class=\"screen-reader-text\">: L&#8217;attualit\u00e0 di Salvatore Crispi e il progetto di istituire un Assessorato alla disabilit\u00e0<\/span><\/a><\/div><\/li>\n<li><a class=\"wp-block-latest-posts__post-title\" href=\"https:\/\/capponline.net\/w\/graduatorie-servizio-civile-universale-progetti-azioni-reciproche-e-va-bene-cosi\/\">GRADUATORIE SERVIZIO CIVILE UNIVERSALE<\/a><div class=\"wp-block-latest-posts__post-excerpt\">Progetti \u201cAzioni Reciproche\u201d e \u201cVa bene cos\u00ec\u201d Si comunica la graduatoria definitiva relativa alla selezione per il Progetto di Servizio Civile Universale denominato \u201cSpecialmente Noi\u201d. \u00bb Graduatoria Progetti SCU \u201cAzioni\u2026 <a class=\"wp-block-latest-posts__read-more\" href=\"https:\/\/capponline.net\/w\/graduatorie-servizio-civile-universale-progetti-azioni-reciproche-e-va-bene-cosi\/\" rel=\"noopener noreferrer\">Leggi tutto<span class=\"screen-reader-text\">: GRADUATORIE SERVIZIO CIVILE UNIVERSALE<\/span><\/a><\/div><\/li>\n<li><div class=\"wp-block-latest-posts__featured-image\"><a href=\"https:\/\/capponline.net\/w\/calendario-colloqui-di-selezione\/\" aria-label=\"Calendario Colloqui di Selezione\"><img loading=\"lazy\" decoding=\"async\" width=\"300\" height=\"86\" src=\"https:\/\/capponline.net\/w\/wp-content\/uploads\/2025\/02\/cappscu-01-300x86.png\" class=\"attachment-medium size-medium wp-post-image\" alt=\"\" style=\"\" srcset=\"https:\/\/capponline.net\/w\/wp-content\/uploads\/2025\/02\/cappscu-01-300x86.png 300w, https:\/\/capponline.net\/w\/wp-content\/uploads\/2025\/02\/cappscu-01.png 414w\" sizes=\"auto, (max-width: 300px) 100vw, 300px\" \/><\/a><\/div><a class=\"wp-block-latest-posts__post-title\" href=\"https:\/\/capponline.net\/w\/calendario-colloqui-di-selezione\/\">Calendario Colloqui di Selezione<\/a><div class=\"wp-block-latest-posts__post-excerpt\">Giorno 19 marzo 2025 si terranno &#8211; in modalit\u00e0 online &#8211; i colloqui di selezione per i progetti di Servizio Civile Universale \u201cAzioni Reciproche\u201d e \u201cVa Bene Cos\u00ec\u201d Come previsto\u2026 <a class=\"wp-block-latest-posts__read-more\" href=\"https:\/\/capponline.net\/w\/calendario-colloqui-di-selezione\/\" rel=\"noopener noreferrer\">Leggi tutto<span class=\"screen-reader-text\">: Calendario Colloqui di Selezione<\/span><\/a><\/div><\/li>\n<li><a class=\"wp-block-latest-posts__post-title\" href=\"https:\/\/capponline.net\/w\/bilancio-sociale-2023\/\">BILANCIO SOCIALE 2023<\/a><div class=\"wp-block-latest-posts__post-excerpt\">\u00c8 online il Bilancio Sociale 2023 di CAPP Cooperativa Sociale. Approvato lo scorso 22 luglio, insieme al bilancio d&#8217;esercizio, dall&#8217;Assemblea Ordinaria dei Soci. \u00bb Visualizza il pdf del Bilancio Sociale\u2026 <a class=\"wp-block-latest-posts__read-more\" href=\"https:\/\/capponline.net\/w\/bilancio-sociale-2023\/\" rel=\"noopener noreferrer\">Leggi tutto<span class=\"screen-reader-text\">: BILANCIO SOCIALE 2023<\/span><\/a><\/div><\/li>\n<li><a class=\"wp-block-latest-posts__post-title\" href=\"https:\/\/capponline.net\/w\/corso-aba-settembre\/\">Corso ABA Settembre<\/a><div class=\"wp-block-latest-posts__post-excerpt\">Il corso prevede un totale di 40 ore obbligatorie di formazione teorico-pratiche da svolgere online e in presenza nelle seguenti date: Online 14, 15 e 20 settembre 2024, ore 9,00\u2026 <a class=\"wp-block-latest-posts__read-more\" href=\"https:\/\/capponline.net\/w\/corso-aba-settembre\/\" rel=\"noopener noreferrer\">Leggi tutto<span class=\"screen-reader-text\">: Corso ABA Settembre<\/span><\/a><\/div><\/li>\n<li><div class=\"wp-block-latest-posts__featured-image\"><a href=\"https:\/\/capponline.net\/w\/il-glossario-fragile-a-palermo\/\" aria-label=\"Il Glossario Fragile a Palermo\"><img loading=\"lazy\" decoding=\"async\" width=\"210\" height=\"300\" src=\"https:\/\/capponline.net\/w\/wp-content\/uploads\/2025\/01\/240708-glossario_fragile_palermo-210x300.jpeg\" class=\"attachment-medium size-medium wp-post-image\" alt=\"\" style=\"\" srcset=\"https:\/\/capponline.net\/w\/wp-content\/uploads\/2025\/01\/240708-glossario_fragile_palermo-210x300.jpeg 210w, https:\/\/capponline.net\/w\/wp-content\/uploads\/2025\/01\/240708-glossario_fragile_palermo-717x1024.jpeg 717w, https:\/\/capponline.net\/w\/wp-content\/uploads\/2025\/01\/240708-glossario_fragile_palermo-768x1097.jpeg 768w, https:\/\/capponline.net\/w\/wp-content\/uploads\/2025\/01\/240708-glossario_fragile_palermo-1075x1536.jpeg 1075w, https:\/\/capponline.net\/w\/wp-content\/uploads\/2025\/01\/240708-glossario_fragile_palermo.jpeg 1120w\" sizes=\"auto, (max-width: 210px) 100vw, 210px\" \/><\/a><\/div><a class=\"wp-block-latest-posts__post-title\" href=\"https:\/\/capponline.net\/w\/il-glossario-fragile-a-palermo\/\">Il Glossario Fragile a Palermo<\/a><div class=\"wp-block-latest-posts__post-excerpt\">Palermo, 8 luglio: presentazione Glossario Fragile all&#8217;Ordine dei Giornalisti A Palermo l\u20198 luglio dalle 10 alle 13 nella sede dell\u2019Ordine dei giornalisti di via Bernini si terr\u00e0 l\u2019evento \u201cGlossario Fragile:\u2026 <a class=\"wp-block-latest-posts__read-more\" href=\"https:\/\/capponline.net\/w\/il-glossario-fragile-a-palermo\/\" rel=\"noopener noreferrer\">Leggi tutto<span class=\"screen-reader-text\">: Il Glossario Fragile a Palermo<\/span><\/a><\/div><\/li>\n<li><div class=\"wp-block-latest-posts__featured-image\"><a href=\"https:\/\/capponline.net\/w\/corso-aba\/\" aria-label=\"Corso ABA\"><img loading=\"lazy\" decoding=\"async\" width=\"300\" height=\"226\" src=\"https:\/\/capponline.net\/w\/wp-content\/uploads\/2025\/02\/x-blue-300x226.jpg\" class=\"attachment-medium size-medium wp-post-image\" alt=\"\" style=\"\" srcset=\"https:\/\/capponline.net\/w\/wp-content\/uploads\/2025\/02\/x-blue-300x226.jpg 300w, https:\/\/capponline.net\/w\/wp-content\/uploads\/2025\/02\/x-blue-768x578.jpg 768w, https:\/\/capponline.net\/w\/wp-content\/uploads\/2025\/02\/x-blue.jpg 1009w\" sizes=\"auto, (max-width: 300px) 100vw, 300px\" \/><\/a><\/div><a class=\"wp-block-latest-posts__post-title\" href=\"https:\/\/capponline.net\/w\/corso-aba\/\">Corso ABA<\/a><div class=\"wp-block-latest-posts__post-excerpt\">Il corso prevede un totale di 40 ore obbligatorie di formazione teorico-pratiche da svolgere online e in presenza nelle seguenti date: Online 5, 6 e 7 luglio 2024, ore 9,00\u2026 <a class=\"wp-block-latest-posts__read-more\" href=\"https:\/\/capponline.net\/w\/corso-aba\/\" rel=\"noopener noreferrer\">Leggi tutto<span class=\"screen-reader-text\">: Corso ABA<\/span><\/a><\/div><\/li>\n<li><a class=\"wp-block-latest-posts__post-title\" href=\"https:\/\/capponline.net\/w\/graduatoria-servizio-civile-universale-2023-progetto-specialmente-noi\/\">GRADUATORIA SERVIZIO CIVILE UNIVERSALE 2023 \u2022 Progetto \u201cSpecialmente Noi\u201d<\/a><div class=\"wp-block-latest-posts__post-excerpt\">Si comunica la graduatoria definitiva relativa alla selezione per il Progetto di Servizio Civile Universale denominato \u201cSpecialmente Noi\u201d. \u00bb Graduatoria Progetto SCU \u201cSpecialmente Noi\u201d La data presunta di avvio del\u2026 <a class=\"wp-block-latest-posts__read-more\" href=\"https:\/\/capponline.net\/w\/graduatoria-servizio-civile-universale-2023-progetto-specialmente-noi\/\" rel=\"noopener noreferrer\">Leggi tutto<span class=\"screen-reader-text\">: GRADUATORIA SERVIZIO CIVILE UNIVERSALE 2023 \u2022 Progetto \u201cSpecialmente Noi\u201d<\/span><\/a><\/div><\/li>\n<\/ul>\n\n\n<p><\/p>\n","protected":false},"excerpt":{"rendered":"","protected":false},"author":1,"featured_media":0,"parent":0,"menu_order":0,"comment_status":"closed","ping_status":"closed","template":"","meta":{"footnotes":""},"class_list":["post-1026","page","type-page","status-publish","hentry"],"_links":{"self":[{"href":"https:\/\/capponline.net\/w\/wp-json\/wp\/v2\/pages\/1026","targetHints":{"allow":["GET"]}}],"collection":[{"href":"https:\/\/capponline.net\/w\/wp-json\/wp\/v2\/pages"}],"about":[{"href":"https:\/\/capponline.net\/w\/wp-json\/wp\/v2\/types\/page"}],"author":[{"embeddable":true,"href":"https:\/\/capponline.net\/w\/wp-json\/wp\/v2\/users\/1"}],"replies":[{"embeddable":true,"href":"https:\/\/capponline.net\/w\/wp-json\/wp\/v2\/comments?post=1026"}],"version-history":[{"count":5,"href":"https:\/\/capponline.net\/w\/wp-json\/wp\/v2\/pages\/1026\/revisions"}],"predecessor-version":[{"id":1207,"href":"https:\/\/capponline.net\/w\/wp-json\/wp\/v2\/pages\/1026\/revisions\/1207"}],"wp:attachment":[{"href":"https:\/\/capponline.net\/w\/wp-json\/wp\/v2\/media?parent=1026"}],"curies":[{"name":"wp","href":"https:\/\/api.w.org\/{rel}","templated":true}]}}