{"id":670,"date":"2025-02-10T11:34:42","date_gmt":"2025-02-10T10:34:42","guid":{"rendered":"http:\/\/capponline.net\/w\/?page_id=670"},"modified":"2025-02-11T15:57:10","modified_gmt":"2025-02-11T14:57:10","slug":"chi-siamo-storia-e-mission","status":"publish","type":"page","link":"https:\/\/capponline.net\/w\/chi-siamo-storia-e-mission\/","title":{"rendered":"Chi siamo, storia e mission"},"content":{"rendered":"\n<p>La&nbsp;<strong>CAPP<\/strong>&nbsp;\u00e8 una<strong>&nbsp;Cooperativa Sociale<\/strong>, costituita nel mese di Marzo del 1990, composta da professionisti che operano nel campo dei Servizi Sanitari e Socio-Assistenziali.<\/p>\n\n\n\n<p>L\u2019azione della CAPP \u00e8 ispirata ai principi della Cooperazione allo scopo di unire diverse figure professionali che possano sviluppare sinergie e progettualit\u00e0 da mettere a disposizione della collettivit\u00e0.<br>L\u2019art. 3 dello statuto della CAPP, infatti, recita: \u201clo scopo principale \u00e8 quello di perseguire l\u2019interesse generale della comunit\u00e0, la promozione umana e l\u2019integrazione sociale dei cittadini\u201d.<br>Altro scopo che i soci della Cooperativa intendono perseguire \u00e8 quello di tenere, tramite la gestione in forma associata dell\u2019azienda alla quale prestano la propria attivit\u00e0 di lavoro, continuit\u00e0 di occupazione lavorativa e le migliori condizioni economiche, sociali e professionali.<br>La Cooperativa \u00e8 retta e disciplinata dai principi della mutualit\u00e0 senza fini di speculazione privata, senza alcun fine di lucro e da fini solidaristici.<br>La Cooperativa si propone come oggetto \u201cla gestione di servizi socio-sanitari, educativi e assistenziali, e tutti gli altri servizi aperti\u201d.<br>La CAPP, rifacendosi alle ultime leggi in campo sanitario che danno delle indicazioni specifiche sui processi organizzativi, ha elaborato un proprio Progetto Organizzativo &#8211;&nbsp; Gestionale&nbsp; che prevede come fatto la centralit\u00e0 dell\u2019Utente e alla base dell\u2019Agire, il ruolo fondamentale dell\u2019Equipe di Struttura e l\u2019interdisciplinariet\u00e0 della Prestazione per la Globalit\u00e0 dell\u2019Intervento.<\/p>\n\n\n\n<p>Questo \u00e8 stato concretamente formalizzato attraverso l\u2019elaborazione di un<strong>&nbsp;\u201cFascicolo Elettronico\u201d<\/strong>&nbsp;o<strong>&nbsp;\u201cCartella Integrata\u201d<\/strong>, dove tutti i componenti dell\u2019Equipe possano trovare uno \u201cspazio\u201d idoneo dove descrivere&nbsp; gli obiettivi, i procedimenti e le strategie, i tempi e i risultati che portano alla Strutturazione&nbsp; e Pianificazione dell\u2019intervento in maniera integrata.<br>Nel \u201cFascicolo Elettronico\u201d o \u201cCartella Integrata\u201d si stabiliscono le azioni dell\u2019\u00e9quipe che, sulla base di un Progetto Individualizzato, valuta gli aspetti biopsicosociali della persona e agisce sulla situazione di fragilit\u00e0 coinvolgendo la famiglia e la comunit\u00e0 in un\u2019ottica di rete.<\/p>\n\n\n\n<p>L&#8217;impegno principale della Cooperativa \u00e8 dunque rivolto:<br>&nbsp;<br>\u2022 alla realizzazione di servizi alla persona ed alla famiglia al fine di migliorare la qualit\u00e0 della vita di ogni cittadino\/utente e a garantirne l&#8217;autonomia psicosociale;<br>\u2022 all&#8217;attivazione di processi di socializzazione della persona per stimolare percorsi di solidariet\u00e0 sociale, di accettazione della diversit\u00e0, di non discriminazione;<br>\u2022 alla realizzazione di interventi di prevenzione del disagio di singoli cittadini o di gruppi a rischio;<br>\u2022 al supporto delle persone con fragilit\u00e0 e dei loro ambienti di vita con un\u2019attenzione particolare alla costruzione di reti sociali collaborative a sostegno di azioni di sviluppo di comunit\u00e0;<br>\u2022 a facilitare l&#8217;accesso alle informazioni sui diritti e sui servizi;<br>\u2022 a garantire la continuit\u00e0 di occupazione e le migliori condizioni economiche e sociali, professionali e formative per i propri soci;<br>\u2022 a impegnarsi nel miglioramento dei processi organizzativi, in maniera continua e costante attraverso l&#8217;adozione e l&#8217;implementazione di specifici modelli di qualit\u00e0.<\/p>\n\n\n\n<p>Tutte le procedure per la gestione dei servizi svolti, con particolare attenzione alla fase di erogazione degli stessi, sono individuate e codificate attraverso la stesura di procedure di gestione; procedure eseguite e suddivise, nel loro complesso, da strumenti di controllo, monitoraggio e verifica, consentendo cos\u00ec un continuo processo di analisi di quanto svolto e dei problemi eventualmente emersi durante il percorso.<\/p>\n\n\n\n<p class=\"has-text-align-left\">Particolare attenzione \u00e8 stata rivolta alla realizzazione di uno<strong>&nbsp;\u201cSportello Informativo\u201d<\/strong>&nbsp;che ha permesso di guardare all\u2019Utente che accede alla rete dei Servizi erogati dalla CAPP focalizzando la necessit\u00e0 di considerare la globalit\u00e0 della persona in tutte le sue dimensioni, in una visione sistemica e agendo sui fattori che ne favoriscono lo sviluppo.<br>L\u2019Utente pu\u00f2 rivolgersi allo sportello per&nbsp; ricevere informazioni ed essere orientati sui servizi,&nbsp; sui percorsi (come fare per\u2026), sulle modalit\u00e0 di accesso e di erogazione delle prestazioni (che cos\u2019\u00e8, costi, orari, sedi, documentazione necessaria, numeri di telefono) e su tutto quanto necessario a garantire la tutela dei diritti riconosciuti agli Utenti.<br>Di fatto la domanda di assistenza \u00e8 posta, a volte, in maniera imprecisa e non esprime la reale necessit\u00e0. E\u2019 stato ed \u00e8 quindi compito dello&nbsp;<strong>\u201cSportello Informativo\u201d<\/strong>, una volta avvenuto il contatto con l&#8217;utente, &#8220;decodificare&#8221; la sua richiesta, per identificare il bisogno in maniera quanto pi\u00f9 realistica possibile e per trovare la risposta pi\u00f9 adatta&nbsp; realizzando una capillare azione informativa sui percorsi assistenziali, sanitari, sociali e sociosanitari.<br>Questo ha permesso la continuit\u00e0 del percorso assistenziale, attraverso l\u2019accessibilit\u00e0 alle prestazioni, la decodifica della domanda, l\u2019orientamento e l\u2019eventuale accompagnamento e promozione di una gestione coordinata dei casi con le risorse del territorio.<br>La finalit\u00e0 di tale lavoro \u00e8 l\u2019acquisizione da parte dell\u2019Utente della capacit\u00e0 di instaurare un rapporto adeguato con i servizi e con gli operatori, di essere coinvolto attivamente e non pi\u00f9 relegato al ruolo di spettatore passivo.<\/p>\n\n\n\n<p>La gestione della Cooperativa \u00e8 affidata ad un Consiglio di Amministrazione costituito da un Presidente e tre Amministratori.<\/p>\n","protected":false},"excerpt":{"rendered":"<p>La&nbsp;CAPP&nbsp;\u00e8 una&nbsp;Cooperativa Sociale, costituita nel mese di Marzo del 1990, composta da professionisti che operano nel campo dei Servizi Sanitari e Socio-Assistenziali. L\u2019azione della CAPP \u00e8 ispirata ai principi della Cooperazione allo scopo di unire diverse figure professionali che possano sviluppare sinergie e progettualit\u00e0 da mettere a disposizione della collettivit\u00e0.L\u2019art. 3 dello statuto della CAPP, [&hellip;]<\/p>\n","protected":false},"author":1,"featured_media":0,"parent":0,"menu_order":0,"comment_status":"closed","ping_status":"closed","template":"","meta":{"footnotes":""},"class_list":["post-670","page","type-page","status-publish","hentry"],"_links":{"self":[{"href":"https:\/\/capponline.net\/w\/wp-json\/wp\/v2\/pages\/670","targetHints":{"allow":["GET"]}}],"collection":[{"href":"https:\/\/capponline.net\/w\/wp-json\/wp\/v2\/pages"}],"about":[{"href":"https:\/\/capponline.net\/w\/wp-json\/wp\/v2\/types\/page"}],"author":[{"embeddable":true,"href":"https:\/\/capponline.net\/w\/wp-json\/wp\/v2\/users\/1"}],"replies":[{"embeddable":true,"href":"https:\/\/capponline.net\/w\/wp-json\/wp\/v2\/comments?post=670"}],"version-history":[{"count":2,"href":"https:\/\/capponline.net\/w\/wp-json\/wp\/v2\/pages\/670\/revisions"}],"predecessor-version":[{"id":838,"href":"https:\/\/capponline.net\/w\/wp-json\/wp\/v2\/pages\/670\/revisions\/838"}],"wp:attachment":[{"href":"https:\/\/capponline.net\/w\/wp-json\/wp\/v2\/media?parent=670"}],"curies":[{"name":"wp","href":"https:\/\/api.w.org\/{rel}","templated":true}]}}