{"id":777,"date":"2025-02-10T15:21:45","date_gmt":"2025-02-10T14:21:45","guid":{"rendered":"http:\/\/capponline.net\/w\/?page_id=777"},"modified":"2025-02-11T20:02:26","modified_gmt":"2025-02-11T19:02:26","slug":"servizio-assistenza-domiciliare","status":"publish","type":"page","link":"https:\/\/capponline.net\/w\/servizio-assistenza-domiciliare\/","title":{"rendered":"Servizio Assistenza Domiciliare"},"content":{"rendered":"\n<h3 class=\"wp-block-heading\">Ex Progetti Individuali ai sensi dell\u2019art.14 L. 328\/2000<\/h3>\n\n\n\n<p>La CAPP Cooperativa Sociale, in data 24 Settembre 2018 ha sottoscritto un Patto di Accreditamento e successivi Accordi integrativi, con il Comune di Palermo per l\u2019Organizzazione e la Gestione di attivit\u00e0 in favore di persone con Disabilit\u00e0 adulti, minori e anziani, beneficiari dei Progetti Individuali ai sensi dell\u2019art.14 L. 328\/2000 residenti nell\u2019ambito territoriale del Distretto Socio-sanitario n. 42 Regione Sicilia, in possesso della Certificazione ai sensi della L. 104\/92 art.3 e dell\u2019Invalidit\u00e0 Civile.<br>Per la realizzazione di tali Progetti, la CAPP garantisce l\u2019erogazione di un complesso di interventi socio assistenziali e socio-educativi domiciliari, rese in forma integrata.<\/p>\n\n\n\n<figure class=\"wp-block-image size-full is-resized\"><a href=\"http:\/\/capponline.net\/w\/wp-content\/uploads\/2025\/02\/250205-bro_sad-15-sing.pdf\" target=\"_blank\" rel=\" noreferrer noopener\"><img loading=\"lazy\" decoding=\"async\" width=\"886\" height=\"886\" src=\"http:\/\/capponline.net\/w\/wp-content\/uploads\/2025\/02\/250205-bro_sad-15-sing.jpg\" alt=\"\" class=\"wp-image-581\" style=\"width:162px;height:auto\" srcset=\"https:\/\/capponline.net\/w\/wp-content\/uploads\/2025\/02\/250205-bro_sad-15-sing.jpg 886w, https:\/\/capponline.net\/w\/wp-content\/uploads\/2025\/02\/250205-bro_sad-15-sing-300x300.jpg 300w, https:\/\/capponline.net\/w\/wp-content\/uploads\/2025\/02\/250205-bro_sad-15-sing-150x150.jpg 150w, https:\/\/capponline.net\/w\/wp-content\/uploads\/2025\/02\/250205-bro_sad-15-sing-768x768.jpg 768w\" sizes=\"auto, (max-width: 886px) 100vw, 886px\" \/><\/a><\/figure>\n\n\n\n<div class=\"wp-block-group is-nowrap is-layout-flex wp-container-core-group-is-layout-6c531013 wp-block-group-is-layout-flex\">\n<p class=\"has-text-align-left has-small-font-size\" id=\"block-7247033b-7e95-4c47-b809-7cdcc391f178\"><a href=\"http:\/\/capponline.net\/w\/wp-content\/uploads\/2025\/02\/250205-bro_sad-15-sing.pdf\" target=\"_blank\" rel=\"noreferrer noopener\"><em>\u00bb Brochure Servizio Assistenza Domiciliare<\/em><\/a><\/p>\n<\/div>\n\n\n\n<h4 class=\"wp-block-heading\">Come lo facciamo<\/h4>\n\n\n\n<p>Ogni azione \u00e8 stabilita dall\u2019Equipe della CAPP che sulla base di un Progetto Individualizzato, redatto in esito alla valutazione dell\u2019Unit\u00e0 di Valutazione multidimensionale, agisce sulla situazione di disagio coinvolgendo la famiglia e la comunit\u00e0 in un\u2019ottica di rete.<br>Il Servizio \u00e8 organizzato secondo lo standard del personale definito dalla determina di accreditamento Rep. n.\u00b083 del 27 Novembre 2018 del Comune di Palermo e si avvale delle seguenti figure professionali:<\/p>\n\n\n\n<ul class=\"wp-block-list\">\n<li><strong>Assistente Sociale Coordinatore;<\/strong><\/li>\n\n\n\n<li><strong>OSA<\/strong>.<\/li>\n<\/ul>\n\n\n\n<h4 class=\"wp-block-heading\">Assistente Sociale Coordinatore<\/h4>\n\n\n\n<p>L\u2019 Assistente Sociale Coordina le attivit\u00e0 attraverso i Piani di Lavoro, effettua riunioni periodiche con l\u2019\u00e9quipe per il monitoraggio degli interventi e dei Progetti Individualizzati:<\/p>\n\n\n\n<ul class=\"wp-block-list\">\n<li>programma e comunica all\u2019U.O. Risorse Umane della CAPP le ferie e i permessi garantendo la programmazione delle sostituzioni;<\/li>\n\n\n\n<li>per ogni utente viene predisposto una fascicolo personale contenente i principali dati personali e familiari, particolari problematiche sanitarie e psico-relazionali, nonch\u00e9 i dati degli operatori di riferimento; la cartella conterr\u00e0 copia del PAI, gli operatori incaricati, le fasce orarie previste per l\u2019intervento e su di essa andr\u00e0 registrato l\u2019andamento degli interventi e ogni variazione del piano di lavoro;<\/li>\n\n\n\n<li>prende in carico l\u2019utente e ne cura la relazione d\u2019aiuto.<\/li>\n\n\n\n<li>partecipa agli incontri di gruppo sull\u2019andamento dei Piani Assistenziali Individuali e valuta l\u2019efficacia dell\u2019assistenza in relazione agli obiettivi del PAI e del Piano Personalizzato.<\/li>\n\n\n\n<li>effettua il raccordo con gli uffici di Servizio Sociale comunali distrettuali di competenza, in base alla residenza e con il Medico di Medicina Generale o Pediatra che hanno in carico l\u2019utente.<\/li>\n<\/ul>\n\n\n\n<p>Gli operatori coinvolti nelle attivit\u00e0 espletate, promuovono e garantiscono il rispetto della dignit\u00e0 personale, del principio di riservatezza, la libert\u00e0 di scelta dell\u2019Utente, chiarezza delle informazioni e cura dei rapporti interpersonali.<\/p>\n\n\n\n<h4 class=\"wp-block-heading\">Operatore Socio Assistenziale (OSA)<\/h4>\n\n\n\n<p>Svolge compiti di:<\/p>\n\n\n\n<ul class=\"wp-block-list\">\n<li>Aiuto per l\u2019igiene personale e per il governo dell\u2019alloggio;<\/li>\n\n\n\n<li>aiuto per la preparazione e l\u2019assunzione dei pasti;<\/li>\n\n\n\n<li>aiuto nella gestione delle attivit\u00e0 quotidiane all\u2019interno e all\u2019esterno dell\u2019abitazione, nella mobilit\u00e0, nella deambulazione e mobilizzazione del soggetto allettato;<\/li>\n\n\n\n<li>aiuto nella corretta assunzione dei farmaci prescritti e nel corretto utilizzo di apparecchi medicali di semplice uso;<\/li>\n\n\n\n<li>controllo ed assistenza nella somministrazione delle diete;<\/li>\n\n\n\n<li>attivit\u00e0 di stimolo al mantenimento delle capacit\u00e0 psico-fisiche, cognitive e relazionali, accompagnando l\u2019utente, se occorre, fuori dalla sua abitazione con il mezzo di trasporto dell\u2019Ente;<\/li>\n\n\n\n<li>collaborazione alla rilevazione dei bisogni e delle condizioni di rischio-danno dell\u2019utente con l\u2019obbligo di riferire sui sintomi d\u2019allarme;<\/li>\n\n\n\n<li>attivit\u00e0 di informazione e orientamento sulle risorse del territorio e aiuto per l\u2019accesso ai servizi.<\/li>\n<\/ul>\n\n\n\n<p>Inoltre assolve alle proprie mansioni con flessibilit\u00e0, avendo cura di personalizzare il suo intervento in base alle esigenze espresse dall\u2019anziano e orientando il suo agire professionale al raggiungimento dell\u2019obiettivo del Piano Assistenziale Individuale. Viene garantito l\u2019utilizzo di personale maschile e femminile a seconda della tipologia degli assistiti e di particolari situazioni personali.<\/p>\n\n\n\n<h4 class=\"wp-block-heading\">Come ci organizziamo<\/h4>\n\n\n\n<p>Il servizio sar\u00e0 effettuato, previa programmazione concordata, tutti i giorni feriali dalle ore 8,00 alle ore 20,00.<\/p>\n\n\n\n<p>La cooperativa CAPP si impegna a:<\/p>\n\n\n\n<ul class=\"wp-block-list\">\n<li>Garantire le prestazioni previste dal PAI;<\/li>\n\n\n\n<li>Assicurare il rispetto della riservatezza per tutte le comunicazioni relative all\u2019utente;<\/li>\n\n\n\n<li>Gestire i turni degli operatori, limitando cambi frequenti e avvisando l\u2019utente tempestivamente di qualsiasi variazione.<\/li>\n<\/ul>\n\n\n\n<p>L\u2019utente si impegna a:<\/p>\n\n\n\n<ul class=\"wp-block-list\">\n<li>Collaborare per una efficace erogazione delle prestazioni;<\/li>\n\n\n\n<li>Comunicare tempestivamente al Servizio eventuali sue indisponibilit\u00e0;<\/li>\n\n\n\n<li>Ricevere le prestazioni previste dal PAI.<\/li>\n<\/ul>\n\n\n\n<h4 class=\"wp-block-heading\">Come si accede al servizio<\/h4>\n\n\n\n<p>Il cittadino che intende usufruire del Servizio o un suo familiare o legale rappresentante, dovr\u00e0 presentare istanza all\u2019 U. O. Interventi per Disabili e Soggetti Affetti da Patologie Croniche e contestualmente all\u2019ASP 6 Distretto Sanitario n\u00b0 42.<br>Le UVM dell\u2019ASP, in collaborazione con gli Assistenti Sociali dell\u2019U.O.H. del Comune di Palermo, valuteranno le istanze pervenute ed effettueranno tutte le verifiche dei requisiti attraverso colloqui e visite domiciliari. In base alle valutazioni effettuate, verr\u00e0 predisposta una graduatoria e sar\u00e0 redatto il Piano Assistenza Individuale (P.A.I.) per ciascun Utente.<\/p>\n\n\n\n<p>Requisiti d\u2019accesso:<\/p>\n\n\n\n<ul class=\"wp-block-list\">\n<li>Residenza nel territorio del Distretto Socio-Sanitario n\u00b0 42;<\/li>\n\n\n\n<li>Disabili in possesso della certificazione rilasciata ai sensi della Legge 104\/92 art. 3 e dell\u2019Invalidit\u00e0 civile.<\/li>\n<\/ul>\n","protected":false},"excerpt":{"rendered":"<p>Ex Progetti Individuali ai sensi dell\u2019art.14 L. 328\/2000 La CAPP Cooperativa Sociale, in data 24 Settembre 2018 ha sottoscritto un Patto di Accreditamento e successivi Accordi integrativi, con il Comune di Palermo per l\u2019Organizzazione e la Gestione di attivit\u00e0 in favore di persone con Disabilit\u00e0 adulti, minori e anziani, beneficiari dei Progetti Individuali ai sensi [&hellip;]<\/p>\n","protected":false},"author":1,"featured_media":0,"parent":0,"menu_order":0,"comment_status":"closed","ping_status":"closed","template":"","meta":{"footnotes":""},"class_list":["post-777","page","type-page","status-publish","hentry"],"_links":{"self":[{"href":"https:\/\/capponline.net\/w\/wp-json\/wp\/v2\/pages\/777","targetHints":{"allow":["GET"]}}],"collection":[{"href":"https:\/\/capponline.net\/w\/wp-json\/wp\/v2\/pages"}],"about":[{"href":"https:\/\/capponline.net\/w\/wp-json\/wp\/v2\/types\/page"}],"author":[{"embeddable":true,"href":"https:\/\/capponline.net\/w\/wp-json\/wp\/v2\/users\/1"}],"replies":[{"embeddable":true,"href":"https:\/\/capponline.net\/w\/wp-json\/wp\/v2\/comments?post=777"}],"version-history":[{"count":9,"href":"https:\/\/capponline.net\/w\/wp-json\/wp\/v2\/pages\/777\/revisions"}],"predecessor-version":[{"id":880,"href":"https:\/\/capponline.net\/w\/wp-json\/wp\/v2\/pages\/777\/revisions\/880"}],"wp:attachment":[{"href":"https:\/\/capponline.net\/w\/wp-json\/wp\/v2\/media?parent=777"}],"curies":[{"name":"wp","href":"https:\/\/api.w.org\/{rel}","templated":true}]}}