{"id":902,"date":"2025-02-12T09:30:55","date_gmt":"2025-02-12T08:30:55","guid":{"rendered":"http:\/\/capponline.net\/w\/?page_id=902"},"modified":"2025-02-20T14:21:54","modified_gmt":"2025-02-20T13:21:54","slug":"blue-activity","status":"publish","type":"page","link":"https:\/\/capponline.net\/w\/blue-activity\/","title":{"rendered":"Blue Activity"},"content":{"rendered":"\n<div class=\"wp-block-group is-vertical is-content-justification-left is-layout-flex wp-container-core-group-is-layout-dd225191 wp-block-group-is-layout-flex\">\n<p>Il progetto facente parte del Piano di Zona 2018-2019 \u00e8 un servizio rivolto a minori disabili affetti da disturbo dello spettro autistico e di supporto alle famiglie di tali soggetti, attraverso attivit\u00e0 socio educative realizzate con approccio cognitivo comportamentale A.B.A. <em>(Applied Behaviour Analysis)<\/em> e di attivit\u00e0 socializzante da espletare sul territorio dei comuni facenti parte del distretto socio sanitario 33.<\/p>\n\n\n\n<p>Il servizio \u00e8 volto alla diminuzione dei comportamenti disfunzionali dei minori con spettro autistico applicando una precisa metodologia educativa basata sull\u2019analisi applicata del comportamento <em>(metodo Aba)<\/em>.<\/p>\n\n\n\n<figure class=\"wp-block-image size-medium is-resized has-custom-border\"><img loading=\"lazy\" decoding=\"async\" width=\"300\" height=\"226\" src=\"https:\/\/capponline.net\/w\/wp-content\/uploads\/2025\/02\/x-blue-300x226.jpg\" alt=\"\" class=\"wp-image-986\" style=\"border-radius:12px;box-shadow:var(--wp--preset--shadow--natural);width:496px;height:auto\" srcset=\"https:\/\/capponline.net\/w\/wp-content\/uploads\/2025\/02\/x-blue-300x226.jpg 300w, https:\/\/capponline.net\/w\/wp-content\/uploads\/2025\/02\/x-blue-768x578.jpg 768w, https:\/\/capponline.net\/w\/wp-content\/uploads\/2025\/02\/x-blue.jpg 1009w\" sizes=\"auto, (max-width: 300px) 100vw, 300px\" \/><\/figure>\n\n\n\n<p>Sar\u00e0 prevista altres\u00ec un&#8217;attivit\u00e0 assistita con gli animali per favorire la stimolazione sensoriale funzionale alla coscienza della propria corporalit\u00e0, alla riduzione di stati ansiogeni, all&#8217;acquisizione di compiti di cura e supporto\/stimolo alle relazioni.<\/p>\n\n\n\n<p>La durata dell\u2019appalto \u00e8 fissata in un anno a decorrere dalla data 22.05.2024, data di comunicazione di avvio del servizio.<\/p>\n<\/div>\n","protected":false},"excerpt":{"rendered":"<p>Il progetto facente parte del Piano di Zona 2018-2019 \u00e8 un servizio rivolto a minori disabili affetti da disturbo dello spettro autistico e di supporto alle famiglie di tali soggetti, attraverso attivit\u00e0 socio educative realizzate con approccio cognitivo comportamentale A.B.A. (Applied Behaviour Analysis) e di attivit\u00e0 socializzante da espletare sul territorio dei comuni facenti parte [&hellip;]<\/p>\n","protected":false},"author":1,"featured_media":0,"parent":0,"menu_order":0,"comment_status":"closed","ping_status":"closed","template":"","meta":{"footnotes":""},"class_list":["post-902","page","type-page","status-publish","hentry"],"_links":{"self":[{"href":"https:\/\/capponline.net\/w\/wp-json\/wp\/v2\/pages\/902","targetHints":{"allow":["GET"]}}],"collection":[{"href":"https:\/\/capponline.net\/w\/wp-json\/wp\/v2\/pages"}],"about":[{"href":"https:\/\/capponline.net\/w\/wp-json\/wp\/v2\/types\/page"}],"author":[{"embeddable":true,"href":"https:\/\/capponline.net\/w\/wp-json\/wp\/v2\/users\/1"}],"replies":[{"embeddable":true,"href":"https:\/\/capponline.net\/w\/wp-json\/wp\/v2\/comments?post=902"}],"version-history":[{"count":10,"href":"https:\/\/capponline.net\/w\/wp-json\/wp\/v2\/pages\/902\/revisions"}],"predecessor-version":[{"id":995,"href":"https:\/\/capponline.net\/w\/wp-json\/wp\/v2\/pages\/902\/revisions\/995"}],"wp:attachment":[{"href":"https:\/\/capponline.net\/w\/wp-json\/wp\/v2\/media?parent=902"}],"curies":[{"name":"wp","href":"https:\/\/api.w.org\/{rel}","templated":true}]}}